{"id":98,"date":"2018-08-26T23:17:50","date_gmt":"2018-08-26T21:17:50","guid":{"rendered":"https:\/\/tb.punti.ch\/wp\/?page_id=98"},"modified":"2025-07-06T16:15:29","modified_gmt":"2025-07-06T14:15:29","slug":"mitgliedschaft","status":"publish","type":"page","link":"https:\/\/www.thunderbolt.ch\/?page_id=98","title":{"rendered":"Mitgliedschaft"},"content":{"rendered":"<ul>\n<li>Die Mitgliedschaft wird durch ein Beitrittsgesuch erworben und erlischt mit dem Austritt, dem Tod oder dem Ausschluss. Die Mitgliedschaft beginnt mit der Bezahlung des Jahresbeitrages.<\/li>\n<li>Als Aktivmitglieder k\u00f6nnen dem Verein alle nat\u00fcrlichen Personen beitreten, welche das 18. Altersjahr vollendet haben, eine private Haftpflichtversicherung mit mindestens f\u00fcnf Mio. Schweizerfranken Deckung, einen neueren Auszug aus dem Zentralstrafregister oder ein Leumundszeugnis vorweisen k\u00f6nnen.<\/li>\n<li>Als Passivmitglieder k\u00f6nnen dem Verein alle nat\u00fcrlichen und juristischen Personen beitreten, sofern sie den Vereinszweck f\u00f6rdern.<br \/>\nPassivmitglieder sind zu den Mitgliederversammlungen eingeladen, erhalten den Jahresbericht, besitzen jedoch kein Stimm- und Wahlrecht und k\u00f6nnen an der Jahresmeisterschaft nicht teilnehmen.<\/li>\n<li>Sponsoren und G\u00f6nner erhalten den Jahresbericht.<\/li>\n<li>\u00dcber die Aufnahme in den Verein entscheidet der Vorstand.\u00a0 Die Erf\u00fcllung der Aufnahmebedingungen garantiert nicht die Aufnahme in den Verein. Diese kann ohne n\u00e4here Begr\u00fcndung abgelehnt werden.<\/li>\n<li>Die Mitgliedschaft kann jederzeit mit Mitteilung an den Vorstand beendet werden.<\/li>\n<li>Wenn ein Mitglied den Interessen des Vereins schadet, sich unehrenhaft verh\u00e4lt, Sicherheitsvorschriften oder Vereinsreglemente missachtet oder seinen Jahresbeitrag trotz Mahnung nicht entrichtet, entscheidet die Mitgliederversammlung auf Antrag des Vorstandes und nach vorheriger Anh\u00f6rung des fehlbaren Mitgliedes \u00fcber dessen Ausschluss.<\/li>\n<li>Beim Austritt aus dem Verein werden bezahlte Jahresbeitr\u00e4ge und Spenden nicht r\u00fcckerstattet bzw. erbrachte Arbeitsbeitr\u00e4ge nicht r\u00fcckentsch\u00e4digt. Es k\u00f6nnen keine Anspr\u00fcche auf das Vereinsverm\u00f6gen geltend gemacht werden.<\/li>\n<\/ul>\n<p align=\"left\">Die Jahresbeitr\u00e4ge betragen:<\/p>\n<ul>\n<li>Fr. 40.- f\u00fcr Aktivmitglieder &amp; Anw\u00e4rter f\u00fcr das laufende Jahr<\/li>\n<li>Fr. 20.- f\u00fcr Passivmitglieder<\/li>\n<\/ul>\n<p align=\"left\">Die Kosten f\u00fcr s\u00e4mtliche Schiessaktivit\u00e4ten gehen zu Lasten der einzelnen Mitglieder.<\/p>\n<h3 align=\"left\">Dokumente zur Anmeldung<\/h3>\n<p><a href=\"http:\/\/www.thunderbolt.ch\/wp-content\/uploads\/Reglement_Aufnahme_2025.pdf\">Reglement_Aufnahme<\/a><\/p>\n<p><a href=\"http:\/\/www.thunderbolt.ch\/wp-content\/uploads\/Beitrittsgesuch_2025.pdf\">Beitrittsgesuch<\/a><\/p>\n<p><a href=\"http:\/\/www.thunderbolt.ch\/wp-content\/uploads\/Vorschrift_Sicherheit_25.pdf\">Vorschrift_Sicherheit<\/a><\/p>\n<p><a href=\"http:\/\/www.thunderbolt.ch\/wp-content\/uploads\/Vorschrift_Handhabung.pdf\">Vorschrift_Handhabung<\/a><\/p>\n","protected":false},"excerpt":{"rendered":"<p>Die Mitgliedschaft wird durch ein Beitrittsgesuch erworben und erlischt mit dem Austritt, dem Tod oder dem Ausschluss. Die Mitgliedschaft beginnt mit der Bezahlung des Jahresbeitrages. Als Aktivmitglieder k\u00f6nnen dem Verein alle nat\u00fcrlichen Personen beitreten, welche das 18. Altersjahr vollendet haben, eine private Haftpflichtversicherung mit mindestens f\u00fcnf Mio. Schweizerfranken Deckung, einen neueren Auszug aus dem Zentralstrafregister [&hellip;]<\/p>\n","protected":false},"author":1,"featured_media":0,"parent":8,"menu_order":4,"comment_status":"closed","ping_status":"closed","template":"","meta":{"footnotes":""},"class_list":["post-98","page","type-page","status-publish","czr-hentry"],"_links":{"self":[{"href":"https:\/\/www.thunderbolt.ch\/index.php?rest_route=\/wp\/v2\/pages\/98","targetHints":{"allow":["GET"]}}],"collection":[{"href":"https:\/\/www.thunderbolt.ch\/index.php?rest_route=\/wp\/v2\/pages"}],"about":[{"href":"https:\/\/www.thunderbolt.ch\/index.php?rest_route=\/wp\/v2\/types\/page"}],"author":[{"embeddable":true,"href":"https:\/\/www.thunderbolt.ch\/index.php?rest_route=\/wp\/v2\/users\/1"}],"replies":[{"embeddable":true,"href":"https:\/\/www.thunderbolt.ch\/index.php?rest_route=%2Fwp%2Fv2%2Fcomments&post=98"}],"version-history":[{"count":5,"href":"https:\/\/www.thunderbolt.ch\/index.php?rest_route=\/wp\/v2\/pages\/98\/revisions"}],"predecessor-version":[{"id":297,"href":"https:\/\/www.thunderbolt.ch\/index.php?rest_route=\/wp\/v2\/pages\/98\/revisions\/297"}],"up":[{"embeddable":true,"href":"https:\/\/www.thunderbolt.ch\/index.php?rest_route=\/wp\/v2\/pages\/8"}],"wp:attachment":[{"href":"https:\/\/www.thunderbolt.ch\/index.php?rest_route=%2Fwp%2Fv2%2Fmedia&parent=98"}],"curies":[{"name":"wp","href":"https:\/\/api.w.org\/{rel}","templated":true}]}}